{"id":4872,"date":"2025-08-22T18:23:25","date_gmt":"2025-08-22T19:23:25","guid":{"rendered":"https:\/\/ctmdefense.es\/?page_id=4872"},"modified":"2025-09-07T19:50:56","modified_gmt":"2025-09-07T20:50:56","slug":"cl","status":"publish","type":"page","link":"https:\/\/ctmdefense.es\/index.php\/cl\/","title":{"rendered":"cl"},"content":{"rendered":"\t\t<div data-elementor-type=\"wp-page\" data-elementor-id=\"4872\" class=\"elementor elementor-4872\" data-elementor-post-type=\"page\">\n\t\t\t\t<div class=\"elementor-element elementor-element-0b7ee49 e-flex e-con-boxed e-con e-parent\" data-id=\"0b7ee49\" data-element_type=\"container\" data-e-type=\"container\">\n\t\t\t\t\t<div class=\"e-con-inner\">\n\t\t\t\t<div class=\"elementor-element elementor-element-6e384cb elementor-widget elementor-widget-html\" data-id=\"6e384cb\" data-element_type=\"widget\" data-e-type=\"widget\" data-widget_type=\"html.default\">\n\t\t\t\t<div class=\"elementor-widget-container\">\n\t\t\t\t\t<!-- Si NO est\u00e1 logueado: mostrar el formulario de login -->\r\n<div style=\"max-width:420px; margin:30px auto; padding:20px; border:1px solid #ddd; border-radius:10px; box-shadow:0 2px 6px rgba(0,0,0,0.1);\">\n  \n<div class=\"um um-login um-1289\">\n\t<div class=\"um-form\">\n\t\t<form method=\"post\" action=\"\" autocomplete=\"off\">\n\t\t\t<div class=\"um-row _um_row_1 \" style=\"margin: 0 0 30px 0;\"><div class=\"um-col-1\"><div  id=\"um_field_1289_user_login\" class=\"um-field um-field-text  um-field-user_login um-field-text um-field-type_text\" data-key=\"user_login\"><div class=\"um-field-label\"><label for=\"user_login-1289\">Nombre de usuario<span class=\"um-req\" title=\"Obligatorio\">*<\/span><\/label><div class=\"um-clear\"><\/div><\/div><div class=\"um-field-area\"><input  autocomplete=\"off\" class=\"um-form-field valid \" type=\"text\" name=\"user_login-1289\" id=\"user_login-1289\" value=\"\" placeholder=\"\" data-validate=\"\" data-key=\"user_login\"  aria-invalid=\"false\" \/>\n\n\t\t\t\t\t\t<\/div><\/div><div  id=\"um_field_1289_user_password\" class=\"um-field um-field-password  um-field-user_password um-field-password um-field-type_password\" data-key=\"user_password\"><div class=\"um-field-label\"><label for=\"user_password-1289\">Contrase\u00f1a<span class=\"um-req\" title=\"Obligatorio\">*<\/span><\/label><div class=\"um-clear\"><\/div><\/div><div class=\"um-field-area\"><input class=\"um-form-field valid \" type=\"password\" name=\"user_password-1289\" id=\"user_password-1289\" value=\"\" placeholder=\"\" data-validate=\"\" data-key=\"user_password\"  aria-invalid=\"false\" \/>\n\n\t\t\t\t\t\t\t<\/div><\/div><\/div><\/div>\t<input type=\"hidden\" name=\"form_id\" id=\"form_id_1289\" value=\"1289\" \/>\n\t\t<p class=\"um_request_name\">\n\t\t<label for=\"um_request_1289\">Only fill in if you are not human<\/label>\n\t\t<input type=\"hidden\" name=\"um_request\" id=\"um_request_1289\" class=\"input\" value=\"\" size=\"25\" autocomplete=\"off\" \/>\n\t<\/p>\n\t<input type=\"hidden\" id=\"_wpnonce\" name=\"_wpnonce\" value=\"f817fc1d9e\" \/><input type=\"hidden\" name=\"_wp_http_referer\" value=\"\/index.php\/wp-json\/wp\/v2\/pages\/4872\" \/>\n\t<div class=\"um-col-alt\">\n\n\t\t\n\n\t\t\t<div class=\"um-field um-field-c\">\n\t\t\t\t<div class=\"um-field-area\">\n\t\t\t\t\t<label class=\"um-field-checkbox\">\n\t\t\t\t\t\t<input type=\"checkbox\" name=\"rememberme\" value=\"1\"  \/>\n\t\t\t\t\t\t<span class=\"um-field-checkbox-state\"><i class=\"um-icon-android-checkbox-outline-blank\"><\/i><\/span>\n\t\t\t\t\t\t<span class=\"um-field-checkbox-option\"> Mantenerme conectado<\/span>\n\t\t\t\t\t<\/label>\n\t\t\t\t<\/div>\n\t\t\t<\/div>\n\n\t\t\t\t\t\t<div class=\"um-clear\"><\/div>\n\t\t\n\t\t\t<div class=\"um-left um-half\">\n\t\t\t\t<input type=\"submit\" value=\"Acceder\" class=\"um-button\" id=\"um-submit-btn\" \/>\n\t\t\t<\/div>\n\t\t\t<div class=\"um-right um-half\">\n\t\t\t\t<a href=\"https:\/\/ctmdefense.es\/index.php\/register\/\" class=\"um-button um-alt\">\n\t\t\t\t\tRegistro\t\t\t\t<\/a>\n\t\t\t<\/div>\n\n\t\t\n\t\t<div class=\"um-clear\"><\/div>\n\n\t<\/div>\n\n\t\n\t<div class=\"um-col-alt-b\">\n\t\t<a href=\"https:\/\/ctmdefense.es\/index.php\/password-reset\/\" class=\"um-link-alt\">\n\t\t\t\u00bfHas olvidado tu contrase\u00f1a?\t\t<\/a>\n\t<\/div>\n\n\t\t\t<\/form>\n\t<\/div>\n<\/div>\n<style>\n\t\t\t.um-1289.um {\n\t\t\tmax-width: 450px;\n\t\t}\n\t\t<\/style>\n\n<\/div>\n\r\n\r\n<!-- Si S\u00cd est\u00e1 logueado con rol Cronista: mostrar bot\u00f3n al \u00e1rea de cr\u00f3nicas -->\r\n<div class=\"um-locked-content\">\n\t<div class=\"um-locked-content-msg\">This content has been restricted to logged-in users only. Please <a href=\"https:\/\/ctmdefense.es\/index.php\/login\/?redirect_to=https%3A%2F%2Fctmdefense.es%2Findex.php%2Fwp-json%2Fwp%2Fv2%2Fpages%2F4872\">log in<\/a> to view this content.<\/div>\n<\/div>\n\r\n\t\t\t\t<\/div>\n\t\t\t\t<\/div>\n\t\t\t\t\t<\/div>\n\t\t\t\t<\/div>\n\t\t<div class=\"elementor-element elementor-element-d61dae4 e-flex e-con-boxed e-con e-parent\" data-id=\"d61dae4\" data-element_type=\"container\" data-e-type=\"container\">\n\t\t\t\t\t<div class=\"e-con-inner\">\n\t\t\t\t<div class=\"elementor-element elementor-element-f970224 elementor-widget elementor-widget-shortcode\" data-id=\"f970224\" data-element_type=\"widget\" data-e-type=\"widget\" data-widget_type=\"shortcode.default\">\n\t\t\t\t<div class=\"elementor-widget-container\">\n\t\t\t\t\t\t\t<div class=\"elementor-shortcode\"><div class=\"sportspress\"><div class=\"sp-section-content sp-section-content-logos\"><div class=\"sp-template sp-template-event-logos sp-template-event-logos-inline\"><div class=\"sp-event-logos sp-event-logos-2\"><span class=\"sp-team-logo\"><strong class=\"sp-team-name\">TM DEFENSE<\/strong> <\/span> vs <span class=\"sp-team-logo\"> <strong class=\"sp-team-name\">TM DEFENSE<\/strong><\/span><\/div><\/div><\/div><div class=\"sp-section-content sp-section-content-excerpt\"><\/div><div class=\"sp-section-content sp-section-content-content\"><p>claro que si<\/p>\n<\/div><div class=\"sp-section-content sp-section-content-video\"><\/div><div class=\"sp-section-content sp-section-content-details\"><div class=\"sp-template sp-template-event-details\">\n\t<h4 class=\"sp-table-caption\">Detalles<\/h4>\n\t<div class=\"sp-table-wrapper\">\n\t\t<table class=\"sp-event-details sp-data-table\n\t\t\t\t\t sp-scrollable-table\">\n\t\t\t<thead>\n\t\t\t\t<tr>\n\t\t\t\t\t\t\t\t\t\t\t<th>Fecha<\/th>\n\t\t\t\t\t\t\t\t\t\t\t\t<th>Hora<\/th>\n\t\t\t\t\t\t\t\t\t\t\t\t<th>Liga<\/th>\n\t\t\t\t\t\t\t\t\t\t\t\t<th>Temporada<\/th>\n\t\t\t\t\t\t\t\t\t\t\t\t<th>gota<\/th>\n\t\t\t\t\t\t\t\t\t\t<\/tr>\n\t\t\t<\/thead>\n\t\t\t<tbody>\n\t\t\t\t<tr class=\"odd\">\n\t\t\t\t\t\t\t\t\t\t\t<td>agosto 22, 2025<\/td>\n\t\t\t\t\t\t\t\t\t\t\t\t<td>6:17 pm<\/td>\n\t\t\t\t\t\t\t\t\t\t\t\t<td>DIVISI\u00d3N DE HONOR FEMENINA<\/td>\n\t\t\t\t\t\t\t\t\t\t\t\t<td>2025\/2026<\/td>\n\t\t\t\t\t\t\t\t\t\t\t\t<td>si llueve<\/td>\n\t\t\t\t\t\t\t\t\t\t<\/tr>\n\t\t\t<\/tbody>\n\t\t<\/table>\n\t<\/div>\n<\/div>\n<\/div><div class=\"sp-section-content sp-section-content-venue\">\t<div class=\"sp-template sp-template-event-venue\">\n\t\t<h4 class=\"sp-table-caption\">Recinto<\/h4>\n\t\t<table class=\"sp-data-table sp-event-venue\">\n\t\t\t<thead>\n\t\t\t\t<tr>\n\t\t\t\t\t<th>PABELLON DE DEPORTES DE BRE\u00d1A ALTA<\/th>\n\t\t\t\t<\/tr>\n\t\t\t<\/thead>\n\t\t\t\t\t\t\t<tbody>\n\t\t\t\t\t<tr class=\"sp-event-venue-map-row\">\n\t\t\t\t\t\t<td>\t\t<a href=\"https:\/\/www.google.com\/maps\/place\/28%C2%B039%2753%22N+17%C2%B047%273%22W\/@28.66475902917384,-17.78435591196744,15z\" target=\"_blank\"><div id=\"sp_openstreetmaps_container\" style=\"width: 100%;height: 320px\"><\/div><\/a>\n\t<script>\n\t\/\/ position we will use later\n\tvar lat = 28.66475902917384;\n\tvar lon = -17.78435591196744;\n\t\/\/ initialize map\n\tmap = L.map('sp_openstreetmaps_container', { zoomControl:false }).setView([lat, lon], 15);\n\t\/\/ set map tiles source\n\t\t\t  \t\tL.tileLayer('https:\/\/tile.openstreetmap.org\/{z}\/{x}\/{y}.png', {\n\t\t  attribution: 'Map data &copy; <a href=\"https:\/\/www.openstreetmap.org\/\">OpenStreetMap<\/a> contributors',\n\t\t  maxZoom: 18,\n\t\t}).addTo(map);\n\t\t\/\/ add marker to the map\n\tmarker = L.marker([lat, lon]).addTo(map);\n\tmap.dragging.disable();\n\tmap.touchZoom.disable();\n\tmap.doubleClickZoom.disable();\n\tmap.scrollWheelZoom.disable();\n  <\/script>\n\t\t\t<\/td>\n\t\t\t\t\t<\/tr>\n\t\t\t\t\t\t\t\t\t\t\t<tr class=\"sp-event-venue-address-row\">\n\t\t\t\t\t\t\t<td>Camino Polideportivo, El Porvenir, Bre\u00f1a Alta, Santa Cruz de Tenerife, Canarias, 38713, Espa\u00f1a<\/td>\n\t\t\t\t\t\t<\/tr>\n\t\t\t\t\t\t\t\t\t<\/tbody>\n\t\t\t\t\t<\/table>\n\t<\/div>\n\t<\/div><div class=\"sp-section-content sp-section-content-results\"><\/div><div class=\"sp-section-content sp-section-content-performance\">\t\t<div class=\"sp-event-performance-tables sp-event-performance-teams\">\n\t\t\t<div class=\"sp-template sp-template-event-performance sp-template-event-performance-values\t\t\t\t\t\t\t\t\t\t\t\t\t\t\t\t\t\t\t\t\t\t\t   \">\n\t\t\t<h4 class=\"sp-table-caption\">TM DEFENSE<\/h4>\n\t\t<div class=\"sp-table-wrapper\">\n\t\t<table class=\"sp-event-performance sp-data-table\n\t\t\t\t\t\n\t\t\t\t\t\t sp-scrollable-table\n\t\t\t\t\t\t\t sp-sortable-table\">\n\t\t\t<thead>\n\t\t\t\t<tr>\n\t\t\t\t\t\t\t\t\t\t\t\t\t\t\t\t\t\t\t\t\t\t\t\t\t\t<th class=\"data-number\">#<\/th>\n\t\t\t\t\t\t\t\t\t\t\t\t\t\t<th class=\"data-name\">\n\t\t\t\t\t\t\t\t\t\t\t\t\t\t\t\t\tJugador\t\t\t\t\t\t\t\t\t\t\t\t\t\t\t<\/th>\n\t\t\t\t\t\t\t\t\t\t\t\t\t\t\t\t\t\t\t<th class=\"data-position\">Posici\u00f3n<\/th>\n\t\t\t\t\t\t\t\t\t\t\t\t\t\t\t<\/tr>\n\t\t\t<\/thead>\n\t\t\t\t\t\t\t<tbody>\n\t\t\t\t\t<tr class=\"lineup odd\"><td class=\"data-number\" data-label=\"#\">2<\/td><td class=\"data-name\" data-label=\"Jugador\"><a href=\"https:\/\/ctmdefense.es\/index.php\/player\/sara\/\">SARA<\/a><\/td><td class=\"data-position\" data-label=\"Posici\u00f3n\">JUGADORA<\/td><\/tr>\t\t\t\t<\/tbody>\n\t\t\t\t\t\t\t\t\t\t<tfoot>\n\t\t\t\t\t\t\t\t\t\t\t<tr class=\"sp-total-row even\">\n\t\t\t\t\t\t\t<td class=\"data-number\" data-label=\"&nbsp;\">&nbsp;<\/td><td class=\"data-name\" data-label=\"&nbsp;\">Total<\/td><td class=\"data-position\" data-label=\"&nbsp;\">&nbsp;<\/td>\t\t\t\t\t\t<\/tr>\n\t\t\t\t\t\t\t\t\t<\/tfoot>\n\t\t\t\t\t<\/table>\n\t\t\t<\/div>\n\t<\/div>\n<div class=\"sp-template sp-template-event-performance sp-template-event-performance-values\t\t\t\t\t\t\t\t\t\t\t\t\t\t\t\t\t\t\t\t\t\t\t   \">\n\t\t\t<h4 class=\"sp-table-caption\">TM DEFENSE<\/h4>\n\t\t<div class=\"sp-table-wrapper\">\n\t\t<table class=\"sp-event-performance sp-data-table\n\t\t\t\t\t\n\t\t\t\t\t\t sp-scrollable-table\n\t\t\t\t\t\t\t sp-sortable-table\">\n\t\t\t<thead>\n\t\t\t\t<tr>\n\t\t\t\t\t\t\t\t\t\t\t\t\t\t\t\t\t\t\t\t\t\t\t\t\t\t<th class=\"data-number\">#<\/th>\n\t\t\t\t\t\t\t\t\t\t\t\t\t\t<th class=\"data-name\">\n\t\t\t\t\t\t\t\t\t\t\t\t\t\t\t\t\tJugador\t\t\t\t\t\t\t\t\t\t\t\t\t\t\t<\/th>\n\t\t\t\t\t\t\t\t\t\t\t\t\t\t\t\t\t\t\t<th class=\"data-position\">Posici\u00f3n<\/th>\n\t\t\t\t\t\t\t\t\t\t\t\t\t\t\t<\/tr>\n\t\t\t<\/thead>\n\t\t\t\t\t\t\t<tbody>\n\t\t\t\t\t<tr class=\"lineup odd\"><td class=\"data-number\" data-label=\"#\">1<\/td><td class=\"data-name\" data-label=\"Jugador\"><a href=\"https:\/\/ctmdefense.es\/index.php\/player\/kamilla\/\">KAMILLA<\/a><\/td><td class=\"data-position\" data-label=\"Posici\u00f3n\">JUGADORA<\/td><\/tr>\t\t\t\t<\/tbody>\n\t\t\t\t\t\t\t\t\t\t<tfoot>\n\t\t\t\t\t\t\t\t\t\t\t<tr class=\"sp-total-row even\">\n\t\t\t\t\t\t\t<td class=\"data-number\" data-label=\"&nbsp;\">&nbsp;<\/td><td class=\"data-name\" data-label=\"&nbsp;\">Total<\/td><td class=\"data-position\" data-label=\"&nbsp;\">&nbsp;<\/td>\t\t\t\t\t\t<\/tr>\n\t\t\t\t\t\t\t\t\t<\/tfoot>\n\t\t\t\t\t<\/table>\n\t\t\t<\/div>\n\t<\/div>\t\t<\/div><!-- .sp-event-performance-tables -->\n\t\t<\/div><div class=\"sp-tab-group\"><\/div><\/div><\/div>\n\t\t\t\t\t\t<\/div>\n\t\t\t\t<\/div>\n\t\t\t\t\t<\/div>\n\t\t\t\t<\/div>\n\t\t<div class=\"elementor-element elementor-element-853afad e-flex e-con-boxed e-con e-parent\" data-id=\"853afad\" data-element_type=\"container\" data-e-type=\"container\">\n\t\t\t\t\t<div class=\"e-con-inner\">\n\t\t\t\t<div class=\"elementor-element elementor-element-372a934 elementor-widget elementor-widget-shortcode\" data-id=\"372a934\" data-element_type=\"widget\" data-e-type=\"widget\" data-widget_type=\"shortcode.default\">\n\t\t\t\t<div class=\"elementor-widget-container\">\n\t\t\t\t\t\t\t<div class=\"elementor-shortcode\"><div class=\"sportspress\">\t<div class=\"sp-template sp-template-event-venue\">\n\t\t<h4 class=\"sp-table-caption\">Recinto<\/h4>\n\t\t<table class=\"sp-data-table sp-event-venue\">\n\t\t\t<thead>\n\t\t\t\t<tr>\n\t\t\t\t\t<th>PABELLON DE DEPORTES DE BRE\u00d1A ALTA<\/th>\n\t\t\t\t<\/tr>\n\t\t\t<\/thead>\n\t\t\t\t\t\t\t<tbody>\n\t\t\t\t\t<tr class=\"sp-event-venue-map-row\">\n\t\t\t\t\t\t<td>\t\t<a href=\"https:\/\/www.google.com\/maps\/place\/28%C2%B039%2753%22N+17%C2%B047%273%22W\/@28.66475902917384,-17.78435591196744,15z\" target=\"_blank\"><div id=\"sp_openstreetmaps_container\" style=\"width: 100%; height: 320px\"><\/div><\/a>\n\t<script>\n\t\/\/ position we will use later\n\tvar lat = 28.66475902917384;\n\tvar lon = -17.78435591196744;\n\t\/\/ initialize map\n\tmap = L.map('sp_openstreetmaps_container', { zoomControl:false }).setView([lat, lon], 15);\n\t\/\/ set map tiles source\n\t\t\t  \t\tL.tileLayer('https:\/\/tile.openstreetmap.org\/{z}\/{x}\/{y}.png', {\n\t\t  attribution: 'Map data &copy; <a href=\"https:\/\/www.openstreetmap.org\/\">OpenStreetMap<\/a> contributors',\n\t\t  maxZoom: 18,\n\t\t}).addTo(map);\n\t\t\/\/ add marker to the map\n\tmarker = L.marker([lat, lon]).addTo(map);\n\tmap.dragging.disable();\n\tmap.touchZoom.disable();\n\tmap.doubleClickZoom.disable();\n\tmap.scrollWheelZoom.disable();\n  <\/script>\n\t\t\t<\/td>\n\t\t\t\t\t<\/tr>\n\t\t\t\t\t\t\t\t\t\t\t<tr class=\"sp-event-venue-address-row\">\n\t\t\t\t\t\t\t<td>Camino Polideportivo, El Porvenir, Bre\u00f1a Alta, Santa Cruz de Tenerife, Canarias, 38713, Espa\u00f1a<\/td>\n\t\t\t\t\t\t<\/tr>\n\t\t\t\t\t\t\t\t\t<\/tbody>\n\t\t\t\t\t<\/table>\n\t<\/div>\n\t<\/div><\/div>\n\t\t\t\t\t\t<\/div>\n\t\t\t\t<\/div>\n\t\t\t\t\t<\/div>\n\t\t\t\t<\/div>\n\t\t<div class=\"elementor-element elementor-element-f33a25d e-flex e-con-boxed e-con e-parent\" data-id=\"f33a25d\" data-element_type=\"container\" data-e-type=\"container\">\n\t\t\t\t\t<div class=\"e-con-inner\">\n\t\t\t\t<div class=\"elementor-element elementor-element-9c28478 elementor-widget elementor-widget-shortcode\" data-id=\"9c28478\" data-element_type=\"widget\" data-e-type=\"widget\" data-widget_type=\"shortcode.default\">\n\t\t\t\t<div class=\"elementor-widget-container\">\n\t\t\t\t\t\t\t<div class=\"elementor-shortcode\"><div class=\"sportspress\">\t\t<div class=\"sp-event-performance-tables sp-event-performance-teams\">\n\t\t\t<div class=\"sp-template sp-template-event-performance sp-template-event-performance-values\t\t\t\t\t\t\t\t\t\t\t\t\t\t\t\t\t\t\t\t\t\t\t   \">\n\t\t\t<h4 class=\"sp-table-caption\">TM DEFENSE<\/h4>\n\t\t<div class=\"sp-table-wrapper\">\n\t\t<table class=\"sp-event-performance sp-data-table\n\t\t\t\t\t\n\t\t\t\t\t\t sp-scrollable-table\n\t\t\t\t\t\t\t sp-sortable-table\">\n\t\t\t<thead>\n\t\t\t\t<tr>\n\t\t\t\t\t\t\t\t\t\t\t\t\t\t\t\t\t\t\t\t\t\t\t\t\t\t<th class=\"data-number\">#<\/th>\n\t\t\t\t\t\t\t\t\t\t\t\t\t\t<th class=\"data-name\">\n\t\t\t\t\t\t\t\t\t\t\t\t\t\t\t\t\tJugador\t\t\t\t\t\t\t\t\t\t\t\t\t\t\t<\/th>\n\t\t\t\t\t\t\t\t\t\t\t\t\t\t\t\t\t\t\t<th class=\"data-position\">Posici\u00f3n<\/th>\n\t\t\t\t\t\t\t\t\t\t\t\t\t\t\t<\/tr>\n\t\t\t<\/thead>\n\t\t\t\t\t\t\t<tbody>\n\t\t\t\t\t<tr class=\"lineup odd\"><td class=\"data-number\" data-label=\"#\">2<\/td><td class=\"data-name\" data-label=\"Jugador\"><a href=\"https:\/\/ctmdefense.es\/index.php\/player\/sara\/\">SARA<\/a><\/td><td class=\"data-position\" data-label=\"Posici\u00f3n\">JUGADORA<\/td><\/tr>\t\t\t\t<\/tbody>\n\t\t\t\t\t\t\t\t\t\t<tfoot>\n\t\t\t\t\t\t\t\t\t\t\t<tr class=\"sp-total-row even\">\n\t\t\t\t\t\t\t<td class=\"data-number\" data-label=\"&nbsp;\">&nbsp;<\/td><td class=\"data-name\" data-label=\"&nbsp;\">Total<\/td><td class=\"data-position\" data-label=\"&nbsp;\">&nbsp;<\/td>\t\t\t\t\t\t<\/tr>\n\t\t\t\t\t\t\t\t\t<\/tfoot>\n\t\t\t\t\t<\/table>\n\t\t\t<\/div>\n\t<\/div>\n<div class=\"sp-template sp-template-event-performance sp-template-event-performance-values\t\t\t\t\t\t\t\t\t\t\t\t\t\t\t\t\t\t\t\t\t\t\t   \">\n\t\t\t<h4 class=\"sp-table-caption\">TM DEFENSE<\/h4>\n\t\t<div class=\"sp-table-wrapper\">\n\t\t<table class=\"sp-event-performance sp-data-table\n\t\t\t\t\t\n\t\t\t\t\t\t sp-scrollable-table\n\t\t\t\t\t\t\t sp-sortable-table\">\n\t\t\t<thead>\n\t\t\t\t<tr>\n\t\t\t\t\t\t\t\t\t\t\t\t\t\t\t\t\t\t\t\t\t\t\t\t\t\t<th class=\"data-number\">#<\/th>\n\t\t\t\t\t\t\t\t\t\t\t\t\t\t<th class=\"data-name\">\n\t\t\t\t\t\t\t\t\t\t\t\t\t\t\t\t\tJugador\t\t\t\t\t\t\t\t\t\t\t\t\t\t\t<\/th>\n\t\t\t\t\t\t\t\t\t\t\t\t\t\t\t\t\t\t\t<th class=\"data-position\">Posici\u00f3n<\/th>\n\t\t\t\t\t\t\t\t\t\t\t\t\t\t\t<\/tr>\n\t\t\t<\/thead>\n\t\t\t\t\t\t\t<tbody>\n\t\t\t\t\t<tr class=\"lineup odd\"><td class=\"data-number\" data-label=\"#\">1<\/td><td class=\"data-name\" data-label=\"Jugador\"><a href=\"https:\/\/ctmdefense.es\/index.php\/player\/kamilla\/\">KAMILLA<\/a><\/td><td class=\"data-position\" data-label=\"Posici\u00f3n\">JUGADORA<\/td><\/tr>\t\t\t\t<\/tbody>\n\t\t\t\t\t\t\t\t\t\t<tfoot>\n\t\t\t\t\t\t\t\t\t\t\t<tr class=\"sp-total-row even\">\n\t\t\t\t\t\t\t<td class=\"data-number\" data-label=\"&nbsp;\">&nbsp;<\/td><td class=\"data-name\" data-label=\"&nbsp;\">Total<\/td><td class=\"data-position\" data-label=\"&nbsp;\">&nbsp;<\/td>\t\t\t\t\t\t<\/tr>\n\t\t\t\t\t\t\t\t\t<\/tfoot>\n\t\t\t\t\t<\/table>\n\t\t\t<\/div>\n\t<\/div>\t\t<\/div><!-- .sp-event-performance-tables -->\n\t\t<\/div><\/div>\n\t\t\t\t\t\t<\/div>\n\t\t\t\t<\/div>\n\t\t\t\t\t<\/div>\n\t\t\t\t<\/div>\n\t\t<div class=\"elementor-element elementor-element-5fe1d52 e-flex e-con-boxed e-con e-parent\" data-id=\"5fe1d52\" data-element_type=\"container\" data-e-type=\"container\">\n\t\t\t\t\t<div class=\"e-con-inner\">\n\t\t\t\t<div class=\"elementor-element elementor-element-fe91070 elementor-widget elementor-widget-shortcode\" data-id=\"fe91070\" data-element_type=\"widget\" data-e-type=\"widget\" data-widget_type=\"shortcode.default\">\n\t\t\t\t<div class=\"elementor-widget-container\">\n\t\t\t\t\t\t\t<div class=\"elementor-shortcode\"><div class=\"sportspress\"><div class=\"sp-template sp-template-event-logos sp-template-event-logos-inline\"><div class=\"sp-event-logos sp-event-logos-2\"><span class=\"sp-team-logo\"><strong class=\"sp-team-name\">TM DEFENSE<\/strong> <\/span> vs <span class=\"sp-team-logo\"> <strong class=\"sp-team-name\">TM DEFENSE<\/strong><\/span><\/div><\/div><\/div><\/div>\n\t\t\t\t\t\t<\/div>\n\t\t\t\t<\/div>\n\t\t\t\t\t<\/div>\n\t\t\t\t<\/div>\n\t\t<div class=\"elementor-element elementor-element-2f600b1 e-flex e-con-boxed e-con e-parent\" data-id=\"2f600b1\" data-element_type=\"container\" data-e-type=\"container\">\n\t\t\t\t\t<div class=\"e-con-inner\">\n\t\t\t\t<div class=\"elementor-element elementor-element-0c3687c elementor-widget elementor-widget-shortcode\" data-id=\"0c3687c\" data-element_type=\"widget\" data-e-type=\"widget\" data-widget_type=\"shortcode.default\">\n\t\t\t\t<div class=\"elementor-widget-container\">\n\t\t\t\t\t\t\t<div class=\"elementor-shortcode\"><div class=\"sportspress\"><\/div><\/div>\n\t\t\t\t\t\t<\/div>\n\t\t\t\t<\/div>\n\t\t\t\t\t<\/div>\n\t\t\t\t<\/div>\n\t\t<div class=\"elementor-element elementor-element-6aaaf5f e-flex e-con-boxed e-con e-parent\" data-id=\"6aaaf5f\" data-element_type=\"container\" data-e-type=\"container\">\n\t\t\t\t\t<div class=\"e-con-inner\">\n\t\t\t\t<div class=\"elementor-element elementor-element-6057b22 elementor-widget elementor-widget-shortcode\" data-id=\"6057b22\" data-element_type=\"widget\" data-e-type=\"widget\" data-widget_type=\"shortcode.default\">\n\t\t\t\t<div class=\"elementor-widget-container\">\n\t\t\t\t\t\t\t<div class=\"elementor-shortcode\"><div class=\"sportspress\"><div class=\"sp-template sp-template-event-details\">\n\t<h4 class=\"sp-table-caption\">Detalles<\/h4>\n\t<div class=\"sp-table-wrapper\">\n\t\t<table class=\"sp-event-details sp-data-table\n\t\t\t\t\t sp-scrollable-table\">\n\t\t\t<thead>\n\t\t\t\t<tr>\n\t\t\t\t\t\t\t\t\t\t\t<th>Fecha<\/th>\n\t\t\t\t\t\t\t\t\t\t\t\t<th>Hora<\/th>\n\t\t\t\t\t\t\t\t\t\t\t\t<th>Liga<\/th>\n\t\t\t\t\t\t\t\t\t\t\t\t<th>Temporada<\/th>\n\t\t\t\t\t\t\t\t\t\t\t\t<th>gota<\/th>\n\t\t\t\t\t\t\t\t\t\t<\/tr>\n\t\t\t<\/thead>\n\t\t\t<tbody>\n\t\t\t\t<tr class=\"odd\">\n\t\t\t\t\t\t\t\t\t\t\t<td>agosto 22, 2025<\/td>\n\t\t\t\t\t\t\t\t\t\t\t\t<td>6:17 pm<\/td>\n\t\t\t\t\t\t\t\t\t\t\t\t<td>DIVISI\u00d3N DE HONOR FEMENINA<\/td>\n\t\t\t\t\t\t\t\t\t\t\t\t<td>2025\/2026<\/td>\n\t\t\t\t\t\t\t\t\t\t\t\t<td>si llueve<\/td>\n\t\t\t\t\t\t\t\t\t\t<\/tr>\n\t\t\t<\/tbody>\n\t\t<\/table>\n\t<\/div>\n<\/div>\n<\/div><\/div>\n\t\t\t\t\t\t<\/div>\n\t\t\t\t<\/div>\n\t\t\t\t\t<\/div>\n\t\t\t\t<\/div>\n\t\t\t\t<\/div>\n\t\t","protected":false},"excerpt":{"rendered":"","protected":false},"author":1,"featured_media":0,"parent":0,"menu_order":0,"comment_status":"closed","ping_status":"closed","template":"","meta":{"om_disable_all_campaigns":false,"_monsterinsights_skip_tracking":false,"_monsterinsights_sitenote_active":false,"_monsterinsights_sitenote_note":"","_monsterinsights_sitenote_category":0,"site-sidebar-layout":"no-sidebar","site-content-layout":"","ast-site-content-layout":"full-width-container","site-content-style":"default","site-sidebar-style":"default","ast-global-header-display":"","ast-banner-title-visibility":"","ast-main-header-display":"","ast-hfb-above-header-display":"","ast-hfb-below-header-display":"","ast-hfb-mobile-header-display":"","site-post-title":"","ast-breadcrumbs-content":"","ast-featured-img":"disabled","footer-sml-layout":"","ast-disable-related-posts":"","theme-transparent-header-meta":"","adv-header-id-meta":"","stick-header-meta":"","header-above-stick-meta":"","header-main-stick-meta":"","header-below-stick-meta":"","astra-migrate-meta-layouts":"default","ast-page-background-enabled":"default","ast-page-background-meta":{"desktop":{"background-color":"var(--ast-global-color-4)","background-image":"","background-repeat":"repeat","background-position":"center center","background-size":"auto","background-attachment":"scroll","background-type":"","background-media":"","overlay-type":"","overlay-color":"","overlay-opacity":"","overlay-gradient":""},"tablet":{"background-color":"","background-image":"","background-repeat":"repeat","background-position":"center center","background-size":"auto","background-attachment":"scroll","background-type":"","background-media":"","overlay-type":"","overlay-color":"","overlay-opacity":"","overlay-gradient":""},"mobile":{"background-color":"","background-image":"","background-repeat":"repeat","background-position":"center center","background-size":"auto","background-attachment":"scroll","background-type":"","background-media":"","overlay-type":"","overlay-color":"","overlay-opacity":"","overlay-gradient":""}},"ast-content-background-meta":{"desktop":{"background-color":"var(--ast-global-color-5)","background-image":"","background-repeat":"repeat","background-position":"center center","background-size":"auto","background-attachment":"scroll","background-type":"","background-media":"","overlay-type":"","overlay-color":"","overlay-opacity":"","overlay-gradient":""},"tablet":{"background-color":"var(--ast-global-color-5)","background-image":"","background-repeat":"repeat","background-position":"center center","background-size":"auto","background-attachment":"scroll","background-type":"","background-media":"","overlay-type":"","overlay-color":"","overlay-opacity":"","overlay-gradient":""},"mobile":{"background-color":"var(--ast-global-color-5)","background-image":"","background-repeat":"repeat","background-position":"center center","background-size":"auto","background-attachment":"scroll","background-type":"","background-media":"","overlay-type":"","overlay-color":"","overlay-opacity":"","overlay-gradient":""}},"h5ap_radio_sources":[],"footnotes":""},"class_list":["post-4872","page","type-page","status-publish","hentry"],"aioseo_notices":[],"jetpack_sharing_enabled":true,"_links":{"self":[{"href":"https:\/\/ctmdefense.es\/index.php\/wp-json\/wp\/v2\/pages\/4872","targetHints":{"allow":["GET"]}}],"collection":[{"href":"https:\/\/ctmdefense.es\/index.php\/wp-json\/wp\/v2\/pages"}],"about":[{"href":"https:\/\/ctmdefense.es\/index.php\/wp-json\/wp\/v2\/types\/page"}],"author":[{"embeddable":true,"href":"https:\/\/ctmdefense.es\/index.php\/wp-json\/wp\/v2\/users\/1"}],"replies":[{"embeddable":true,"href":"https:\/\/ctmdefense.es\/index.php\/wp-json\/wp\/v2\/comments?post=4872"}],"version-history":[{"count":6,"href":"https:\/\/ctmdefense.es\/index.php\/wp-json\/wp\/v2\/pages\/4872\/revisions"}],"predecessor-version":[{"id":5200,"href":"https:\/\/ctmdefense.es\/index.php\/wp-json\/wp\/v2\/pages\/4872\/revisions\/5200"}],"wp:attachment":[{"href":"https:\/\/ctmdefense.es\/index.php\/wp-json\/wp\/v2\/media?parent=4872"}],"curies":[{"name":"wp","href":"https:\/\/api.w.org\/{rel}","templated":true}]}}